lse
Is 5457967 a prime number?
True
Is 1663481 a prime number?
True
Is 48007801 a composite number?
False
Is 8441891 a composite number?
True
Is 12148237 prime?
False
Is 16246031 a prime number?
True
Is 650011 prime?
True
Is 85574557 a prime number?
True
Is 723007 prime?
False
Is 15247159 composite?
True
Is 3684587 composite?
False
Is 1596319 a composite number?
False
Is 1615045 prime?
False
Is 9532379 prime?
True
Is 1842859 a composite number?
True
Is 351829 composite?
False
Is 617391749 prime?
False
Is 123069461 a prime number?
True
Is 94565561 a composite number?
True
Is 935377 prime?
True
Is 2635147 a prime number?
False
Is 265063255 a composite number?
True
Is 801103 a composite number?
False
Is 1354123 prime?
False
Is 5997451 composite?
True
Is 2997811 a prime number?
True
Is 1641217 a composite number?
False
Is 1302721 a prime number?
False
Is 20479847 composite?
False
Is 2457482 a composite number?
True
Is 453492553 a prime number?
True
Is 3136781 composite?
False
Is 4244683 prime?
False
Is 40975343 prime?
False
Is 12672007 prime?
True
Is 15915607 a prime number?
True
Is 225643147 a composite number?
False
Is 56628197 a composite number?
True
Is 178137753 a prime number?
False
Is 7240855 a prime number?
False
Is 461674121 a composite number?
False
Is 9184583 prime?
True
Is 3299657 prime?
False
Is 1168619 a prime number?
True
Is 258871 a prime number?
True
Is 6189341 a composite number?
False
Is 96051673 a prime number?
True
Is 5052589 a prime number?
True
Is 2443277 a prime number?
True
Is 86111 prime?
True
Is 74694011 a prime number?
False
Is 302980841 a prime number?
False
Is 8869249 prime?
False
Is 3662311 composite?
False
Is 56104439 composite?
False
Is 95702419 prime?
True
Is 7826653 a composite number?
False
Is 76840757 prime?
False
Is 92874097 a prime number?
True
Is 16996177 a prime number?
False
Is 852961 composite?
True
Is 19864727 a composite number?
True
Is 13693101 a composite number?
True
Is 44216353 prime?
True
Is 11787361 a composite number?
True
Is 178073431 composite?
True
Is 495761 composite?
True
Is 8901713 prime?
False
Is 337872749 composite?
False
Is 1409011 a prime number?
False
Is 180459781 composite?
False
Is 30511727 a prime number?
True
Is 8430913 prime?
True
Is 49234223 a composite number?
False
Is 9065801 a prime number?
True
Is 129399589 composite?
True
Is 3793093 a prime number?
False
Is 11992742 composite?
True
Is 128121242 a composite number?
True
Is 30178703 a composite number?
False
Is 8112579 a composite number?
True
Is 2893879 composite?
False
Is 7659137 a composite number?
False
Is 26207057 composite?
False
Is 451878419 composite?
False
Is 1007663 composite?
True
Is 770353 a prime number?
True
Is 6313954 prime?
False
Is 20379827 a composite number?
True
Is 101696513 composite?
True
Is 49292909 composite?
False
Is 166485577 a prime number?
True
Is 4472713 a prime number?
False
Is 837359 prime?
True
Is 101788262 prime?
False
Is 2182277 a prime number?
False
Is 13875131 composite?
True
Is 384903641 a prime number?
False
Is 2368649 a prime number?
True
Is 24622261 a prime number?
True
Is 20608153 prime?
False
Is 145290683 a prime number?
False
Is 527585 a composite number?
True
Is 39337933 a composite number?
True
Is 19265567 a prime number?
False
Is 5419454 a prime number?
False
Is 27747563 a composite number?
False
Is 39886097 composite?
True
Is 23982229 composite?
False
Is 159689203 prime?
False
Is 104660239 a composite number?
False
Is 941097 a prime number?
False
Is 343747333 composite?
False
Is 12526539 a composite number?
True
Is 1512001 composite?
True
Is 111802921 prime?
True
Is 11970041 a prime number?
True
Is 3431791 composite?
True
Is 33492197 composite?
False
Is 125762327 prime?
True
Is 335570129 composite?
True
Is 13351601 composite?
True
Is 58596889 prime?
False
Is 447325309 composite?
True
Is 39000961 a composite number?
False
Is 119174843 a prime number?
False
Is 14450689 a prime number?
False
Is 22764743 a prime number?
False
Is 6904367 composite?
False
Is 8285177 a prime number?
True
Is 4436129 composite?
True
Is 567821 composite?
True
Is 1522727 a prime number?
True
Is 4630151 prime?
False
Is 261052177 a composite number?
False
Is 1366832499 a prime number?
False
Is 144278221 a prime number?
False
Is 137937749 composite?
False
Is 16844843 prime?
False
Is 148144259 a composite number?
False
Is 146849473 prime?
True
Is 5879941 a prime number?
False
Is 537833651 a composite number?
False
Is 31928213 composite?
False
Is 201094291 prime?
True
Is 3328189 prime?
False
Is 33167047 a prime number?
True
Is 5884763 prime?
False
Is 2013721 a prime number?
True
Is 993961 composite?
False
Is 226683437 a prime number?
True
Is 10845457 a composite number?
True
Is 3842143 prime?
True
Is 104535623 prime?
False
Is 1322813 composite?
False
Is 58093717 prime?
False
Is 1339931 a prime number?
True
Is 11065399 a composite number?
False
Is 1370587 prime?
True
Is 87947353 a composite number?
True
Is 19841645 composite?
True
Is 6648571 a composite number?
False
Is 4556633 prime?
False
Is 397345147 a prime number?
False
Is 23490769 a prime number?
True
Is 3429403 a composite number?
False
Is 265421657 prime?
True
Is 21761161 a prime number?
True
Is 25704977 a prime number?
True
Is 3354199 a prime number?
False
Is 57030383 a prime number?
False
Is 338276053 a composite number?
False
Is 46501139 composite?
False
Is 72920299 a composite number?
False
Is 149589833 a prime number?
True
Is 189991801 a prime number?
False
Is 12396013 composite?
True
Is 18259169 prime?
True
Is 822947 a composite number?
True
Is 700252193 prime?
False
Is 795349 a composite number?
False
Is 463531 a prime number?
True
Is 3031115 prime?
False
Is 86833 composite?
True
Is 16226447 a prime number?
False
Is 22556117 composite?
False
Is 35201149 a prime number?
True
Is 52338557 a prime number?
False
Is 44690509 composite?
True
Is 1509119 prime?
False
Is 47912741 composite?
True
Is 303893371 a composite number?
False
Is 1492429 a composite number?
True
Is 2476603 a composite number?
True
Is 33389423 a composite number?
False
Is 37460563 prime?
False
Is 4418567 a prime number?
True
Is 342148889 a prime number?
True
Is 12087281 prime?
True
Is 11198381 prime?
True
Is 157052189 a composite number?
True
Is 195103 prime?
True
Is 92419001 a composite number?
False
Is 26427151 a prime number?
True
Is 194471779 a prime number?
False
Is 469598933 a composite number?
False
Is 666938765 composite?
True
Is 168740294 composite?
True
Is 21067391 prime?
True
Is 48445471 a composite number?
False
Is 28826653 composite?
False
Is 8826157 a composite number?
False
Is 3827917 prime?
False
Is 866363 prime?
False
Is 53208433 composite?
False
Is 441682 a composite number?
True
Is 8846953 prime?
False
Is 388067 a composite number?
False
Is 55512287 a prime number?
True
Is 28459817 a prime number?
False
Is 16731839 prime?
True
Is 257312993 composite?
True
Is 98478907 a composite number?
False
Is 211840469 composite?
True
Is 4546747 composite?
True
Is 473219 a prime number?
True
Is 97828105 prime?
False
Is 3450373 composite?
True
Is 685344445 a composite number?
True
Is 1193581 a prime number?
False
Is 3039614 a composite number?
True
Is 14474913 composite?
True
Is 2421959 prime?
True
Is 312233681 a prime number?
True
Is 69426013 a prime number?
True
Is 1139807 a composite number?
False
Is 203127341 a prime number?
True
Is 6520697 a prime number?
False
Is 10470389 a composite number?
False
Is 1371793 composite?
True
Is 90225019 prime?
False
Is 3162941 a composite number?
False
Is 27791594 prime?
False
Is 123157 a prime number?
False
Is 6052927 a prime number?
True
Is 9522607 prime?
True
Is 670010417 a composite number?
False
Is 1297091 a prime number?
True
Is 7125463 a prime number?
True
Is 1579297 a composite number?
False
Is 18938497 composite?
True
Is 5780738 a composite number?
True
Is 52124219 prime?
False
Is 178322237 composite?
False
Is 1788601 prime?
True
Is 118303 prime?
False
Is 98665003 composite?
False
Is 3601778 a prime number?
False
Is 5789603 a composite number?
True
Is 49894763 prime?
False
Is 286651 a prime number?
True
Is 9839545 prime?
False
Is 3376279 composite?
True
Is 2208343 composite?
False
Is 4705903 composite?
False
Is 4957283 prime?
True